{"id":24,"date":"2014-01-03T23:00:07","date_gmt":"2014-01-04T02:00:07","guid":{"rendered":"http:\/\/torturesquad.net.br\/site\/?page_id=24"},"modified":"2024-05-18T16:48:32","modified_gmt":"2024-05-18T16:48:32","slug":"download","status":"publish","type":"page","link":"https:\/\/torturesquad.com.br\/site\/download\/","title":{"rendered":"Download"},"content":{"rendered":"<h1>FOTOS PROMO EM ALTA RESOLU\u00c7\u00c3O<\/h1>\n<p>Photo by Heitor Shewchenko<\/p>\n<p><a href=\"https:\/\/torturesquad.com.br\/site\/wp-content\/uploads\/2024\/01\/torture-squad-2023.jpg\" target=\"_blank\" rel=\"noopener\" data-rel=\"lightbox-image-0\" data-rl_title=\"\" data-rl_caption=\"\" title=\"\"><img decoding=\"async\" src=\"https:\/\/torturesquad.com.br\/site\/wp-content\/uploads\/2024\/01\/torture-squad-2023.jpg\" alt=\"Torture Squad 2023\" width=\"100%\" height=\"auto\"\/><\/a><\/p>\n<p>Photos by Dani Moreira<\/p>\n<style type=\"text\/css\">\n#foogallery-gallery-4220 .fg-image { width: 130px; }\n#foogallery-gallery-4220 { --fg-gutter: 10px; }<\/style>\n\t\t\t<div class=\"foogallery foogallery-container foogallery-default foogallery-lightbox-foobox fg-center fg-default fg-ready fg-light fg-border-thin fg-shadow-outline fg-loading-default fg-loaded-fade-in fg-caption-hover fg-hover-fade fg-hover-zoom\" id=\"foogallery-gallery-4220\" data-foogallery=\"{&quot;item&quot;:{&quot;showCaptionTitle&quot;:false,&quot;showCaptionDescription&quot;:true},&quot;lazy&quot;:true}\" style=\"--fg-title-line-clamp: 0; --fg-description-line-clamp: 0;\" >\n\t<div class=\"fg-item fg-type-image fg-idle\"><figure class=\"fg-item-inner\"><a href=\"https:\/\/torturesquad.com.br\/site\/wp-content\/uploads\/2023\/07\/may-2.jpg\" data-caption-title=\"May 2\" data-caption-desc=\"May 2\" data-attachment-id=\"4227\" data-type=\"image\" class=\"fg-thumb\" data-rel=\"lightbox-image-1\" data-rl_title=\"\" data-rl_caption=\"\"><span class=\"fg-image-wrap\"><img decoding=\"async\" alt=\"May 2\" title=\"\" width=\"130\" height=\"130\" class=\"skip-lazy fg-image\" data-src-fg=\"https:\/\/torturesquad.com.br\/site\/wp-content\/uploads\/cache\/2023\/07\/may-2\/1487097152.jpg\" src=\"data:image\/svg+xml,%3Csvg%20xmlns%3D%22http%3A%2F%2Fwww.w3.org%2F2000%2Fsvg%22%20width%3D%22130%22%20height%3D%22130%22%20viewBox%3D%220%200%20130%20130%22%3E%3C%2Fsvg%3E\" loading=\"eager\"><\/span><span class=\"fg-image-overlay\"><\/span><\/a><figcaption class=\"fg-caption\"><div class=\"fg-caption-inner\"><div class=\"fg-caption-desc\">May 2<\/div><\/div><\/figcaption><\/figure><div class=\"fg-loader\"><\/div><\/div><div class=\"fg-item fg-type-image fg-idle\"><figure class=\"fg-item-inner\"><a href=\"https:\/\/torturesquad.com.br\/site\/wp-content\/uploads\/2023\/07\/mayara-5.jpg\" data-caption-title=\"Mayara 5\" data-caption-desc=\"Mayara 5\" data-attachment-id=\"4228\" data-type=\"image\" class=\"fg-thumb\" data-rel=\"lightbox-image-2\" data-rl_title=\"\" data-rl_caption=\"\"><span class=\"fg-image-wrap\"><img decoding=\"async\" alt=\"Mayara 5\" title=\"\" width=\"130\" height=\"130\" class=\"skip-lazy fg-image\" data-src-fg=\"https:\/\/torturesquad.com.br\/site\/wp-content\/uploads\/cache\/2023\/07\/mayara-5\/1438438949.jpg\" src=\"data:image\/svg+xml,%3Csvg%20xmlns%3D%22http%3A%2F%2Fwww.w3.org%2F2000%2Fsvg%22%20width%3D%22130%22%20height%3D%22130%22%20viewBox%3D%220%200%20130%20130%22%3E%3C%2Fsvg%3E\" loading=\"eager\"><\/span><span class=\"fg-image-overlay\"><\/span><\/a><figcaption class=\"fg-caption\"><div class=\"fg-caption-inner\"><div class=\"fg-caption-desc\">Mayara 5<\/div><\/div><\/figcaption><\/figure><div class=\"fg-loader\"><\/div><\/div><div class=\"fg-item fg-type-image fg-idle\"><figure class=\"fg-item-inner\"><a href=\"https:\/\/torturesquad.com.br\/site\/wp-content\/uploads\/2023\/07\/amilcar-1-scaled.jpg\" data-caption-title=\"Amilcar 1\" data-caption-desc=\"Amilcar 1\" data-attachment-id=\"4221\" data-type=\"image\" class=\"fg-thumb\" data-rel=\"lightbox-image-3\" data-rl_title=\"\" data-rl_caption=\"\"><span class=\"fg-image-wrap\"><img decoding=\"async\" alt=\"Amilcar 1\" title=\"\" width=\"130\" height=\"130\" class=\"skip-lazy fg-image\" data-src-fg=\"https:\/\/torturesquad.com.br\/site\/wp-content\/uploads\/cache\/2023\/07\/amilcar-1-scaled\/4033418682.jpg\" src=\"data:image\/svg+xml,%3Csvg%20xmlns%3D%22http%3A%2F%2Fwww.w3.org%2F2000%2Fsvg%22%20width%3D%22130%22%20height%3D%22130%22%20viewBox%3D%220%200%20130%20130%22%3E%3C%2Fsvg%3E\" loading=\"eager\"><\/span><span class=\"fg-image-overlay\"><\/span><\/a><figcaption class=\"fg-caption\"><div class=\"fg-caption-inner\"><div class=\"fg-caption-desc\">Amilcar 1<\/div><\/div><\/figcaption><\/figure><div class=\"fg-loader\"><\/div><\/div><div class=\"fg-item fg-type-image fg-idle\"><figure class=\"fg-item-inner\"><a href=\"https:\/\/torturesquad.com.br\/site\/wp-content\/uploads\/2023\/07\/castor-1-.jpg\" data-caption-title=\"Castor 1\" data-caption-desc=\"Castor 1\" data-attachment-id=\"4226\" data-type=\"image\" class=\"fg-thumb\" data-rel=\"lightbox-image-4\" data-rl_title=\"\" data-rl_caption=\"\"><span class=\"fg-image-wrap\"><img decoding=\"async\" alt=\"Castor 1\" title=\"\" width=\"130\" height=\"130\" class=\"skip-lazy fg-image\" data-src-fg=\"https:\/\/torturesquad.com.br\/site\/wp-content\/uploads\/cache\/2023\/07\/castor-1-\/335827430.jpg\" src=\"data:image\/svg+xml,%3Csvg%20xmlns%3D%22http%3A%2F%2Fwww.w3.org%2F2000%2Fsvg%22%20width%3D%22130%22%20height%3D%22130%22%20viewBox%3D%220%200%20130%20130%22%3E%3C%2Fsvg%3E\" loading=\"eager\"><\/span><span class=\"fg-image-overlay\"><\/span><\/a><figcaption class=\"fg-caption\"><div class=\"fg-caption-inner\"><div class=\"fg-caption-desc\">Castor 1<\/div><\/div><\/figcaption><\/figure><div class=\"fg-loader\"><\/div><\/div><div class=\"fg-item fg-type-image fg-idle\"><figure class=\"fg-item-inner\"><a href=\"https:\/\/torturesquad.com.br\/site\/wp-content\/uploads\/2023\/07\/rene-1-scaled.jpg\" data-caption-title=\"Rene 1\" data-caption-desc=\"Rene 1\" data-attachment-id=\"4229\" data-type=\"image\" class=\"fg-thumb\" data-rel=\"lightbox-image-5\" data-rl_title=\"\" data-rl_caption=\"\"><span class=\"fg-image-wrap\"><img decoding=\"async\" alt=\"Rene 1\" title=\"\" width=\"130\" height=\"130\" class=\"skip-lazy fg-image\" data-src-fg=\"https:\/\/torturesquad.com.br\/site\/wp-content\/uploads\/cache\/2023\/07\/rene-1-scaled\/2214803391.jpg\" src=\"data:image\/svg+xml,%3Csvg%20xmlns%3D%22http%3A%2F%2Fwww.w3.org%2F2000%2Fsvg%22%20width%3D%22130%22%20height%3D%22130%22%20viewBox%3D%220%200%20130%20130%22%3E%3C%2Fsvg%3E\" loading=\"eager\"><\/span><span class=\"fg-image-overlay\"><\/span><\/a><figcaption class=\"fg-caption\"><div class=\"fg-caption-inner\"><div class=\"fg-caption-desc\">Rene 1<\/div><\/div><\/figcaption><\/figure><div class=\"fg-loader\"><\/div><\/div><div class=\"fg-item fg-type-image fg-idle\"><figure class=\"fg-item-inner\"><a href=\"https:\/\/torturesquad.com.br\/site\/wp-content\/uploads\/2023\/07\/banda-1-edi\u00e7\u00e3o.jpg\" data-caption-title=\"Banda 1 Edi\u00e7\u00e3o\" data-caption-desc=\"Banda 1 Edi\u00e7\u00e3o\" data-attachment-id=\"4222\" data-type=\"image\" class=\"fg-thumb\" data-rel=\"lightbox-image-6\" data-rl_title=\"\" data-rl_caption=\"\"><span class=\"fg-image-wrap\"><img decoding=\"async\" alt=\"Banda 1 Edi\u00e7\u00e3o\" title=\"\" width=\"130\" height=\"130\" class=\"skip-lazy fg-image\" data-src-fg=\"https:\/\/torturesquad.com.br\/site\/wp-content\/uploads\/cache\/2023\/07\/banda-1-edi\u00e7\u00e3o\/1146280548.jpg\" src=\"data:image\/svg+xml,%3Csvg%20xmlns%3D%22http%3A%2F%2Fwww.w3.org%2F2000%2Fsvg%22%20width%3D%22130%22%20height%3D%22130%22%20viewBox%3D%220%200%20130%20130%22%3E%3C%2Fsvg%3E\" loading=\"eager\"><\/span><span class=\"fg-image-overlay\"><\/span><\/a><figcaption class=\"fg-caption\"><div class=\"fg-caption-inner\"><div class=\"fg-caption-desc\">Banda 1 Edi\u00e7\u00e3o<\/div><\/div><\/figcaption><\/figure><div class=\"fg-loader\"><\/div><\/div><div class=\"fg-item fg-type-image fg-idle\"><figure class=\"fg-item-inner\"><a href=\"https:\/\/torturesquad.com.br\/site\/wp-content\/uploads\/2023\/07\/banda-1.jpg\" data-caption-title=\"Banda 1\" data-caption-desc=\"Banda 1\" data-attachment-id=\"4223\" data-type=\"image\" class=\"fg-thumb\" data-rel=\"lightbox-image-7\" data-rl_title=\"\" data-rl_caption=\"\"><span class=\"fg-image-wrap\"><img decoding=\"async\" alt=\"Banda 1\" title=\"\" width=\"130\" height=\"130\" class=\"skip-lazy fg-image\" data-src-fg=\"https:\/\/torturesquad.com.br\/site\/wp-content\/uploads\/cache\/2023\/07\/banda-1\/471671115.jpg\" src=\"data:image\/svg+xml,%3Csvg%20xmlns%3D%22http%3A%2F%2Fwww.w3.org%2F2000%2Fsvg%22%20width%3D%22130%22%20height%3D%22130%22%20viewBox%3D%220%200%20130%20130%22%3E%3C%2Fsvg%3E\" loading=\"eager\"><\/span><span class=\"fg-image-overlay\"><\/span><\/a><figcaption class=\"fg-caption\"><div class=\"fg-caption-inner\"><div class=\"fg-caption-desc\">Banda 1<\/div><\/div><\/figcaption><\/figure><div class=\"fg-loader\"><\/div><\/div><div class=\"fg-item fg-type-image fg-idle\"><figure class=\"fg-item-inner\"><a href=\"https:\/\/torturesquad.com.br\/site\/wp-content\/uploads\/2023\/07\/banda-2.jpg\" data-caption-title=\"Banda 2\" data-caption-desc=\"Banda 2\" data-attachment-id=\"4224\" data-type=\"image\" class=\"fg-thumb\" data-rel=\"lightbox-image-8\" data-rl_title=\"\" data-rl_caption=\"\"><span class=\"fg-image-wrap\"><img decoding=\"async\" alt=\"Banda 2\" title=\"\" width=\"130\" height=\"130\" class=\"skip-lazy fg-image\" data-src-fg=\"https:\/\/torturesquad.com.br\/site\/wp-content\/uploads\/cache\/2023\/07\/banda-2\/3786931696.jpg\" src=\"data:image\/svg+xml,%3Csvg%20xmlns%3D%22http%3A%2F%2Fwww.w3.org%2F2000%2Fsvg%22%20width%3D%22130%22%20height%3D%22130%22%20viewBox%3D%220%200%20130%20130%22%3E%3C%2Fsvg%3E\" loading=\"eager\"><\/span><span class=\"fg-image-overlay\"><\/span><\/a><figcaption class=\"fg-caption\"><div class=\"fg-caption-inner\"><div class=\"fg-caption-desc\">Banda 2<\/div><\/div><\/figcaption><\/figure><div class=\"fg-loader\"><\/div><\/div><div class=\"fg-item fg-type-image fg-idle\"><figure class=\"fg-item-inner\"><a href=\"https:\/\/torturesquad.com.br\/site\/wp-content\/uploads\/2023\/07\/banda-3.jpg\" data-caption-title=\"Banda 3\" data-caption-desc=\"Banda 3\" data-attachment-id=\"4225\" data-type=\"image\" class=\"fg-thumb\" data-rel=\"lightbox-image-9\" data-rl_title=\"\" data-rl_caption=\"\"><span class=\"fg-image-wrap\"><img decoding=\"async\" alt=\"Banda 3\" title=\"\" width=\"130\" height=\"130\" class=\"skip-lazy fg-image\" data-src-fg=\"https:\/\/torturesquad.com.br\/site\/wp-content\/uploads\/cache\/2023\/07\/banda-3\/2025263069.jpg\" src=\"data:image\/svg+xml,%3Csvg%20xmlns%3D%22http%3A%2F%2Fwww.w3.org%2F2000%2Fsvg%22%20width%3D%22130%22%20height%3D%22130%22%20viewBox%3D%220%200%20130%20130%22%3E%3C%2Fsvg%3E\" loading=\"eager\"><\/span><span class=\"fg-image-overlay\"><\/span><\/a><figcaption class=\"fg-caption\"><div class=\"fg-caption-inner\"><div class=\"fg-caption-desc\">Banda 3<\/div><\/div><\/figcaption><\/figure><div class=\"fg-loader\"><\/div><\/div><div class=\"fg-item fg-type-image fg-idle\"><figure class=\"fg-item-inner\"><a href=\"https:\/\/torturesquad.com.br\/site\/wp-content\/uploads\/2023\/07\/TS-edit-save.jpg\" data-caption-title=\"Ts Edit Save\" data-caption-desc=\"Ts Edit Save\" data-attachment-id=\"4230\" data-type=\"image\" class=\"fg-thumb\" data-rel=\"lightbox-image-10\" data-rl_title=\"\" data-rl_caption=\"\"><span class=\"fg-image-wrap\"><img decoding=\"async\" alt=\"Ts Edit Save\" title=\"\" width=\"130\" height=\"130\" class=\"skip-lazy fg-image\" data-src-fg=\"https:\/\/torturesquad.com.br\/site\/wp-content\/uploads\/cache\/2023\/07\/TS-edit-save\/3866865792.jpg\" src=\"data:image\/svg+xml,%3Csvg%20xmlns%3D%22http%3A%2F%2Fwww.w3.org%2F2000%2Fsvg%22%20width%3D%22130%22%20height%3D%22130%22%20viewBox%3D%220%200%20130%20130%22%3E%3C%2Fsvg%3E\" loading=\"eager\"><\/span><span class=\"fg-image-overlay\"><\/span><\/a><figcaption class=\"fg-caption\"><div class=\"fg-caption-inner\"><div class=\"fg-caption-desc\">Ts Edit Save<\/div><\/div><\/figcaption><\/figure><div class=\"fg-loader\"><\/div><\/div><\/div>\n\n<h1>TORTURE SQUAD CARTAZ PROMO<\/h1>\n<p><a href=\"https:\/\/torturesquad.com.br\/site\/wp-content\/uploads\/2024\/05\/Torture-Squad-Cartaz-padrao-1.jpg\" target=\"_blank\" rel=\"noopener\" data-rel=\"lightbox-image-11\" data-rl_title=\"\" data-rl_caption=\"\" title=\"\"><img decoding=\"async\" src=\"https:\/\/torturesquad.com.br\/site\/wp-content\/uploads\/2024\/05\/Torture-Squad-Cartaz-padrao-1.jpg\" width=\"100%\"><\/a><\/p>\n<h1>TORTURE SQUAD LOGO<\/h1>\n<div class=\"section group\">\n<div class=\"col span_1_of_3\">\n\t<a href=\"http:\/\/torturesquad.com.br\/site\/wp-content\/uploads\/2024\/01\/logo.png\" target=\"_blank\" rel=\"noopener noreferrer\" data-rel=\"lightbox-image-12\" data-rl_title=\"\" data-rl_caption=\"\" title=\"\"><img decoding=\"async\" class=\"alignnone size-large wp-image-3610\" alt=\"Logo\" src=\"http:\/\/torturesquad.com.br\/site\/wp-content\/uploads\/2024\/01\/logo.png\" width=\"100%\" height=\"auto\" \/><\/a>\n\t<\/div>\n<div class=\"col span_1_of_3\">\n\t<a href=\"http:\/\/torturesquad.com.br\/site\/wp-content\/uploads\/2020\/08\/logo.png\" target=\"_blank\" rel=\"noopener noreferrer\" data-rel=\"lightbox-image-13\" data-rl_title=\"\" data-rl_caption=\"\" title=\"\"><img decoding=\"async\" class=\"alignnone size-large wp-image-3610\" alt=\"Logo\" src=\"http:\/\/torturesquad.com.br\/site\/wp-content\/uploads\/2020\/08\/logo.png\" width=\"100%\" height=\"auto\" srcset=\"https:\/\/torturesquad.com.br\/site\/wp-content\/uploads\/2020\/08\/logo.png 3090w, https:\/\/torturesquad.com.br\/site\/wp-content\/uploads\/2020\/08\/logo-600x354.png 600w, https:\/\/torturesquad.com.br\/site\/wp-content\/uploads\/2020\/08\/logo-1024x604.png 1024w, https:\/\/torturesquad.com.br\/site\/wp-content\/uploads\/2020\/08\/logo-768x453.png 768w, https:\/\/torturesquad.com.br\/site\/wp-content\/uploads\/2020\/08\/logo-1536x907.png 1536w, https:\/\/torturesquad.com.br\/site\/wp-content\/uploads\/2020\/08\/logo-2048x1209.png 2048w\" sizes=\"(max-width: 3090px) 100vw, 3090px\" \/><\/a>\n\t<\/div>\n<div class=\"col span_1_of_3\">\n\t<a href=\"http:\/\/torturesquad.com.br\/site\/wp-content\/uploads\/2020\/11\/TORTURE-SQUAD-LOGO-NOVO-nehativo-.png\" target=\"_blank\" rel=\"noopener noreferrer\" data-rel=\"lightbox-image-14\" data-rl_title=\"\" data-rl_caption=\"\" title=\"\"><img decoding=\"async\" class=\"alignnone size-large wp-image-3613\" alt=\"Logo\" src=\"http:\/\/torturesquad.com.br\/site\/wp-content\/uploads\/2020\/11\/TORTURE-SQUAD-LOGO-NOVO-nehativo-.png\" width=\"100%\" height=\"auto\" \/><\/a>\n\t<\/div>\n<\/div>\n<div class=\"section group\">\n<div class=\"col span_1_of_3\">\n\t<a href=\"http:\/\/torturesquad.com.br\/site\/wp-content\/uploads\/2020\/11\/TORTURE-SQUAD-LOGO-NOVO-.png\" target=\"_blank\" rel=\"noopener noreferrer\" data-rel=\"lightbox-image-15\" data-rl_title=\"\" data-rl_caption=\"\" title=\"\"><img decoding=\"async\" class=\"alignnone size-large wp-image-3612\" alt=\"Logo\" src=\"http:\/\/torturesquad.com.br\/site\/wp-content\/uploads\/2020\/11\/TORTURE-SQUAD-LOGO-NOVO-.png\"  width=\"100%\" height=\"auto\" \/><\/a>\n\t<\/div>\n<div class=\"col span_1_of_3\">\n\t<a href=\"http:\/\/torturesquad.com.br\/site\/wp-content\/uploads\/2020\/08\/Torture-Squad-Logo-Vermelho-2016b.jpg\" target=\"_blank\" rel=\"noopener noreferrer\" data-rel=\"lightbox-image-16\" data-rl_title=\"\" data-rl_caption=\"\" title=\"\"><img decoding=\"async\" class=\"alignnone size-large wp-image-3614\" alt=\"Logo\" src=\"http:\/\/torturesquad.com.br\/site\/wp-content\/uploads\/2020\/08\/Torture-Squad-Logo-Vermelho-2016b.jpg\" width=\"100%\" height=\"auto\" \/><\/a>\n\t<\/div>\n<div class=\"col span_1_of_3\">\n\t<a href=\"http:\/\/torturesquad.com.br\/site\/wp-content\/uploads\/2020\/08\/Torture-Squad-Logo-Cinza-2016.jpg\" target=\"_blank\" rel=\"noopener noreferrer\" data-rel=\"lightbox-image-17\" data-rl_title=\"\" data-rl_caption=\"\" title=\"\"><img decoding=\"async\" class=\"alignnone size-large wp-image-3611\" alt=\"Logo\" src=\"http:\/\/torturesquad.com.br\/site\/wp-content\/uploads\/2020\/08\/Torture-Squad-Logo-Cinza-2016.jpg\" width=\"100%\" height=\"auto\" \/><\/a>\n\t<\/div>\n<\/div>\n<h1>TORTURE SQUAD LOGO DEVILISH<\/h1>\n<p><a href=\"http:\/\/torturesquad.com.br\/site\/wp-content\/uploads\/2024\/01\/title.png\" target=\"_blank\" rel=\"noopener noreferrer\" data-rel=\"lightbox-image-18\" data-rl_title=\"\" data-rl_caption=\"\" title=\"\"><img decoding=\"async\" class=\"aligncenter size-medium wp-image-3615\" alt=\"torture_squad\" src=\"http:\/\/torturesquad.com.br\/site\/wp-content\/uploads\/2024\/01\/title.png\" width=\"100%\" height=\"auto\" \/><\/a><\/p>\n<h1>TORTURE SQUAD BIOGRAFIA 2017<\/h1>\n<div class=\"section group\">\n<div class=\"col span_1_of_2\">\n    VERS\u00c3O EM PORTUGU\u00caS<br \/>\n\t<a href=\"http:\/\/torturesquad.com.br\/site\/wp-content\/uploads\/2017\/11\/TORTURE-SQUAD_bio-completa_2017.docx\" target=\"_blank\" rel=\"noopener noreferrer\"><img decoding=\"async\" class=\"alignnone size-full wp-image-3617\" alt=\"word_symbol\" src=\"http:\/\/torturesquad.com.br\/site\/wp-content\/uploads\/2020\/08\/word_symbol.png\" width=\"280\" height=\"\" \/><\/a>\n\t<\/div>\n<div class=\"col span_1_of_2\">\n    VERS\u00c3O EM INGL\u00caS<br \/>\n\t<a href=\"http:\/\/torturesquad.com.br\/site\/wp-content\/uploads\/2017\/10\/Torture-Squad-Bio-in-English-2017_complete.docx\" target=\"_blank\" rel=\"noopener noreferrer\"><img decoding=\"async\" class=\"alignnone size-full wp-image-3617\" alt=\"word_symbol\" src=\"http:\/\/torturesquad.com.br\/site\/wp-content\/uploads\/2020\/08\/word_symbol.png\" width=\"280\" height=\"\" \/><\/a>\t<\/div>\n<\/div>\n<h1>TORTURE SQUAD S\u00cdMBOLO<\/h1>\n<div class=\"section group\">\n<div class=\"col span_1_of_2\">\n    ARQUIVO JPG<br \/>\n\t<a href=\"http:\/\/torturesquad.com.br\/site\/wp-content\/uploads\/2020\/08\/torture_squad_symbol-1024x1024-1.jpg\" target=\"_blank\" rel=\"noopener noreferrer\" data-rel=\"lightbox-image-19\" data-rl_title=\"\" data-rl_caption=\"\" title=\"\"><img decoding=\"async\" class=\"alignnone size-full wp-image-3620\" alt=\"Symbol\" src=\"http:\/\/torturesquad.com.br\/site\/wp-content\/uploads\/2020\/08\/torture_squad_symbol-1024x1024-1.jpg\" width=\"100%\" height=\"auto\" srcset=\"https:\/\/torturesquad.com.br\/site\/wp-content\/uploads\/2020\/08\/torture_squad_symbol-1024x1024-1.jpg 1024w, https:\/\/torturesquad.com.br\/site\/wp-content\/uploads\/2020\/08\/torture_squad_symbol-1024x1024-1-600x600.jpg 600w, https:\/\/torturesquad.com.br\/site\/wp-content\/uploads\/2020\/08\/torture_squad_symbol-1024x1024-1-500x500.jpg 500w, https:\/\/torturesquad.com.br\/site\/wp-content\/uploads\/2020\/08\/torture_squad_symbol-1024x1024-1-768x768.jpg 768w\" sizes=\"(max-width: 1024px) 100vw, 1024px\" \/><\/a>\n\t<\/div>\n<div class=\"col span_1_of_2\">\n    ARQUIVO PNG<br \/>\n\t<a href=\"http:\/\/torturesquad.com.br\/site\/wp-content\/uploads\/2020\/08\/torture_squad_symbol_png-1024x1024-1.png\" target=\"_blank\" rel=\"noopener noreferrer\" data-rel=\"lightbox-image-20\" data-rl_title=\"\" data-rl_caption=\"\" title=\"\"><img decoding=\"async\" class=\"alignnone size-full wp-image-3619\" alt=\"Symbol\" src=\"http:\/\/torturesquad.com.br\/site\/wp-content\/uploads\/2020\/08\/torture_squad_symbol_png-1024x1024-1.png\" width=\"100%\" height=\"auto\" srcset=\"https:\/\/torturesquad.com.br\/site\/wp-content\/uploads\/2020\/08\/torture_squad_symbol_png-1024x1024-1.png 1024w, https:\/\/torturesquad.com.br\/site\/wp-content\/uploads\/2020\/08\/torture_squad_symbol_png-1024x1024-1-600x600.png 600w, https:\/\/torturesquad.com.br\/site\/wp-content\/uploads\/2020\/08\/torture_squad_symbol_png-1024x1024-1-500x500.png 500w, https:\/\/torturesquad.com.br\/site\/wp-content\/uploads\/2020\/08\/torture_squad_symbol_png-1024x1024-1-768x768.png 768w\" sizes=\"(max-width: 1024px) 100vw, 1024px\" \/><\/a>\t<\/div>\n<\/div>\n<h1>CAPAS DOS CDS<\/h1>\n<p><a href=\"http:\/\/torturesquad.com.br\/site\/wp-content\/uploads\/2024\/01\/Torture-Squad-Devilish.jpg\" target=\"_blank\" rel=\"noopener\" data-rel=\"lightbox-image-21\" data-rl_title=\"\" data-rl_caption=\"\" title=\"\"><img decoding=\"async\" src=\"http:\/\/torturesquad.com.br\/site\/wp-content\/uploads\/2024\/01\/Torture-Squad-Devilish-scaled.jpg\" width=\"100%\" height=\"auto\"><\/a><\/p>\n<p style=\"text-align: center;\"><a href=\"http:\/\/torturesquad.com.br\/site\/wp-content\/uploads\/2014\/10\/00_demo.jpg\" target=\"_blank\" rel=\"noopener noreferrer\" data-rel=\"lightbox-image-22\" data-rl_title=\"\" data-rl_caption=\"\" title=\"\">Demo\u00a0<\/a><br \/>\n<a href=\"http:\/\/torturesquad.com.br\/site\/wp-content\/uploads\/2014\/10\/01_shivering.jpg\" target=\"_blank\" rel=\"noopener noreferrer\" data-rel=\"lightbox-image-23\" data-rl_title=\"\" data-rl_caption=\"\" title=\"\">Shivering<\/a><br \/>\n<a href=\"http:\/\/torturesquad.com.br\/site\/wp-content\/uploads\/2014\/10\/02_asylum_of_shadows.jpg\" target=\"_blank\" rel=\"noopener noreferrer\" data-rel=\"lightbox-image-24\" data-rl_title=\"\" data-rl_caption=\"\" title=\"\">Asylum of Shadows<\/a><br \/>\n<a href=\"http:\/\/torturesquad.com.br\/site\/wp-content\/uploads\/2014\/10\/03_the_unholy_spell.jpg\" target=\"_blank\" rel=\"noopener noreferrer\" data-rel=\"lightbox-image-25\" data-rl_title=\"\" data-rl_caption=\"\" title=\"\">Unholy Spell<\/a><br \/>\n<a href=\"http:\/\/torturesquad.com.br\/site\/wp-content\/uploads\/2014\/10\/04_pandemonium.jpg\" target=\"_blank\" rel=\"noopener noreferrer\" data-rel=\"lightbox-image-26\" data-rl_title=\"\" data-rl_caption=\"\" title=\"\">Pandemonium<\/a><br \/>\n<a href=\"http:\/\/torturesquad.com.br\/site\/wp-content\/uploads\/2014\/01\/05_death_chaos_an_torture_alive.jpg\" target=\"_blank\" rel=\"noopener noreferrer\" data-rel=\"lightbox-image-27\" data-rl_title=\"\" data-rl_caption=\"\" title=\"\">Death, Chaos and Torture Alive<\/a><br \/>\n<a href=\"http:\/\/torturesquad.com.br\/site\/wp-content\/uploads\/2014\/10\/06_dvd_dct.jpg\" target=\"_blank\" rel=\"noopener noreferrer\" data-rel=\"lightbox-image-28\" data-rl_title=\"\" data-rl_caption=\"\" title=\"\">DVD Death, Chaos and Torture Alive<\/a><br \/>\n<a href=\"http:\/\/torturesquad.com.br\/site\/wp-content\/uploads\/2014\/10\/07_ep_chaos_corporation.jpg\" target=\"_blank\" rel=\"noopener noreferrer\" data-rel=\"lightbox-image-29\" data-rl_title=\"\" data-rl_caption=\"\" title=\"\">Chaos Corporation<\/a><br \/>\n<a href=\"http:\/\/torturesquad.com.br\/site\/wp-content\/uploads\/2014\/10\/08_hellbound.jpg\" target=\"_blank\" rel=\"noopener noreferrer\" data-rel=\"lightbox-image-30\" data-rl_title=\"\" data-rl_caption=\"\" title=\"\">Hellbound<\/a><br \/>\n<a href=\"http:\/\/torturesquad.com.br\/site\/wp-content\/uploads\/2014\/10\/09_aequlibrium.jpg\" target=\"_blank\" rel=\"noopener noreferrer\" data-rel=\"lightbox-image-31\" data-rl_title=\"\" data-rl_caption=\"\" title=\"\">Aequilibrium<\/a><br \/>\n<a href=\"http:\/\/torturesquad.com.br\/site\/wp-content\/uploads\/2014\/10\/10_Esquadrao_de_Tortura.jpg\" target=\"_blank\" rel=\"noopener noreferrer\" data-rel=\"lightbox-image-32\" data-rl_title=\"\" data-rl_caption=\"\" title=\"\">Esquadr\u00e3o de Tortura<\/a><br \/>\n<a href=\"http:\/\/torturesquad.com.br\/site\/wp-content\/uploads\/2016\/03\/return.jpg\" target=\"_blank\" rel=\"noopener noreferrer\" data-rel=\"lightbox-image-33\" data-rl_title=\"\" data-rl_caption=\"\" title=\"\">Return of Evil<\/a><br \/>\n<a href=\"http:\/\/torturesquad.com.br\/site\/wp-content\/uploads\/2017\/07\/torturesquad_capa.jpeg\" target=\"_blank\" rel=\"noopener noreferrer\" data-rel=\"lightbox-image-34\" data-rl_title=\"\" data-rl_caption=\"\" title=\"\">Far Beyond Existence<\/a><\/p>\n","protected":false},"excerpt":{"rendered":"<p>FOTOS PROMO EM ALTA RESOLU\u00c7\u00c3O Photo by Heitor Shewchenko Photos by Dani Moreira TORTURE SQUAD CARTAZ PROMO TORTURE SQUAD LOGO TORTURE SQUAD LOGO DEVILISH TORTURE SQUAD BIOGRAFIA 2017 VERS\u00c3O EM PORTUGU\u00caS VERS\u00c3O EM INGL\u00caS TORTURE SQUAD S\u00cdMBOLO ARQUIVO JPG ARQUIVO PNG CAPAS DOS CDS Demo\u00a0 Shivering Asylum of Shadows Unholy Spell Pandemonium Death, Chaos and [&hellip;]<\/p>\n","protected":false},"author":1,"featured_media":0,"parent":0,"menu_order":0,"comment_status":"open","ping_status":"open","template":"","meta":{"ngg_post_thumbnail":0,"footnotes":""},"class_list":["post-24","page","type-page","status-publish","hentry"],"_links":{"self":[{"href":"https:\/\/torturesquad.com.br\/site\/wp-json\/wp\/v2\/pages\/24","targetHints":{"allow":["GET"]}}],"collection":[{"href":"https:\/\/torturesquad.com.br\/site\/wp-json\/wp\/v2\/pages"}],"about":[{"href":"https:\/\/torturesquad.com.br\/site\/wp-json\/wp\/v2\/types\/page"}],"author":[{"embeddable":true,"href":"https:\/\/torturesquad.com.br\/site\/wp-json\/wp\/v2\/users\/1"}],"replies":[{"embeddable":true,"href":"https:\/\/torturesquad.com.br\/site\/wp-json\/wp\/v2\/comments?post=24"}],"version-history":[{"count":28,"href":"https:\/\/torturesquad.com.br\/site\/wp-json\/wp\/v2\/pages\/24\/revisions"}],"predecessor-version":[{"id":4495,"href":"https:\/\/torturesquad.com.br\/site\/wp-json\/wp\/v2\/pages\/24\/revisions\/4495"}],"wp:attachment":[{"href":"https:\/\/torturesquad.com.br\/site\/wp-json\/wp\/v2\/media?parent=24"}],"curies":[{"name":"wp","href":"https:\/\/api.w.org\/{rel}","templated":true}]}}