{"id":568,"date":"2014-03-03T12:23:56","date_gmt":"2014-03-03T15:23:56","guid":{"rendered":"http:\/\/torturesquad.net.br\/site\/?page_id=568"},"modified":"2020-11-03T03:54:29","modified_gmt":"2020-11-03T03:54:29","slug":"torture-maniacs","status":"publish","type":"page","link":"https:\/\/torturesquad.com.br\/site\/torture-maniacs\/","title":{"rendered":"Torture Maniacs"},"content":{"rendered":"<h2 style=\"text-align: center;\">Mande seu v\u00eddeo: <a href=\"mailto:torturesquad.press@gmail.com\">torturesquad.press@gmail.com<\/a><\/h2>\n<h1>Tributo ao Esquadr\u00e3o<\/h1>\n<div class=\"section group\">\n<div class=\"col span_1_of_2\">\n\t<iframe loading=\"lazy\" width=\"100%\" height=\"200\" src=\"https:\/\/www.youtube.com\/embed\/FzCzSOy8Me0?rel=0\" frameborder=\"0\" allow=\"autoplay; encrypted-media\" allowfullscreen><\/iframe>\n\t<\/div>\n<div class=\"col span_1_of_2\">\n\t<iframe loading=\"lazy\" width=\"100%\" height=\"200\" src=\"https:\/\/www.youtube.com\/embed\/6h8a4dhchi4?rel=0\" frameborder=\"0\" allow=\"autoplay; encrypted-media\" allowfullscreen><\/iframe>\n\t<\/div>\n<\/div>\n<div class=\"section group\">\n<div class=\"col span_1_of_2\">\n\t<iframe loading=\"lazy\" width=\"100%\" height=\"200\" src=\"https:\/\/www.youtube.com\/embed\/w9CkroVyfuw?rel=0\" frameborder=\"0\" allow=\"autoplay; encrypted-media\" allowfullscreen><\/iframe>\n\t<\/div>\n<div class=\"col span_1_of_2\">\n\t<iframe loading=\"lazy\" width=\"100%\" height=\"200\" src=\"https:\/\/www.youtube.com\/embed\/5X1OBPPwfCM?rel=0\" frameborder=\"0\" allow=\"autoplay; encrypted-media\" allowfullscreen><\/iframe>\n\t<\/div>\n<\/div>\n<div class=\"section group\">\n<div class=\"col span_1_of_2\">\n\t<iframe loading=\"lazy\" width=\"100%\" height=\"200\" src=\"https:\/\/www.youtube.com\/embed\/ClcIUsi_hkg?rel=0\" frameborder=\"0\" allow=\"autoplay; encrypted-media\" allowfullscreen><\/iframe>\n\t<\/div>\n<div class=\"col span_1_of_2\">\n\t<iframe loading=\"lazy\" width=\"100%\" height=\"200\" src=\"https:\/\/www.youtube.com\/embed\/QwR56nv-7y4?rel=0\" frameborder=\"0\" allow=\"autoplay; encrypted-media\" allowfullscreen><\/iframe>\n\t<\/div>\n<\/div>\n<div class=\"section group\">\n<div class=\"col span_1_of_2\">\n\t<iframe loading=\"lazy\" width=\"100%\" height=\"200\" src=\"https:\/\/www.youtube.com\/embed\/P15-08995YM?rel=0\" frameborder=\"0\" allow=\"autoplay; encrypted-media\" allowfullscreen><\/iframe>\n\t<\/div>\n<div class=\"col span_1_of_2\">\n\t<iframe loading=\"lazy\" width=\"100%\" height=\"200\" src=\"https:\/\/www.youtube.com\/embed\/K1O6kaRDrXg?rel=0\" frameborder=\"0\" allow=\"autoplay; encrypted-media\" allowfullscreen><\/iframe>\n\t<\/div>\n<\/div>\n<div class=\"section group\">\n<div class=\"col span_1_of_2\">\n\t<iframe loading=\"lazy\" width=\"100%\" height=\"200\" src=\"https:\/\/www.youtube.com\/embed\/vUMky04sdlU?rel=0\" frameborder=\"0\" allow=\"autoplay; encrypted-media\" allowfullscreen><\/iframe>\n\t<\/div>\n<div class=\"col span_1_of_2\">\n\t<iframe loading=\"lazy\" width=\"100%\" height=\"200\" src=\"https:\/\/www.youtube.com\/embed\/sMa4vHlaTpY?rel=0\" frameborder=\"0\" allow=\"autoplay; encrypted-media\" allowfullscreen><\/iframe>\n\t<\/div>\n<\/div>\n<div class=\"section group\">\n<div class=\"col span_1_of_2\">\n\t<iframe loading=\"lazy\" width=\"100%\" height=\"200\" src=\"https:\/\/www.youtube.com\/embed\/VTAiGHBetww?rel=0\" frameborder=\"0\" allow=\"autoplay; encrypted-media\" allowfullscreen><\/iframe>\n\t<\/div>\n<div class=\"col span_1_of_2\">\n\t<iframe loading=\"lazy\" width=\"100%\" height=\"200\" src=\"https:\/\/www.youtube.com\/embed\/L1Y9r5BGSAQ?rel=0\" frameborder=\"0\" allow=\"autoplay; encrypted-media\" allowfullscreen><\/iframe>\n\t<\/div>\n<\/div>\n<div class=\"section group\">\n<div class=\"col span_1_of_2\">\n\t<iframe loading=\"lazy\" width=\"100%\" height=\"200\" src=\"https:\/\/www.youtube.com\/embed\/yliNi8zca3g?rel=0\" frameborder=\"0\" allow=\"autoplay; encrypted-media\" allowfullscreen><\/iframe>\n\t<\/div>\n<div class=\"col span_1_of_2\">\n\t<iframe loading=\"lazy\" width=\"100%\" height=\"200\" src=\"https:\/\/www.youtube.com\/embed\/NzZlDM4fcR4?rel=0\" frameborder=\"0\" allow=\"autoplay; encrypted-media\" allowfullscreen><\/iframe>\n\t<\/div>\n<\/div>\n<div class=\"section group\">\n<div class=\"col span_1_of_2\">\n\t<iframe loading=\"lazy\" width=\"100%\" height=\"200\" src=\"https:\/\/www.youtube.com\/embed\/MGz2dHrxRr4?rel=0\" frameborder=\"0\" allow=\"autoplay; encrypted-media\" allowfullscreen><\/iframe>\n\t<\/div>\n<div class=\"col span_1_of_2\">\n\t<iframe loading=\"lazy\" width=\"100%\" height=\"200\" src=\"https:\/\/www.youtube.com\/embed\/j4Nzo7hIvMw?rel=0\" frameborder=\"0\" allow=\"autoplay; encrypted-media\" allowfullscreen><\/iframe>\n\t<\/div>\n<\/div>\n<div class=\"section group\">\n<div class=\"col span_1_of_2\">\n\t<iframe loading=\"lazy\" width=\"100%\" height=\"200\" src=\"https:\/\/www.youtube.com\/embed\/grPm1XhAn_k?rel=0\" frameborder=\"0\" allow=\"autoplay; encrypted-media\" allowfullscreen><\/iframe>\n\t<\/div>\n<div class=\"col span_1_of_2\">\n\t<iframe loading=\"lazy\" width=\"100%\" height=\"200\" src=\"https:\/\/www.youtube.com\/embed\/VJ82e-w0gzI?rel=0\" frameborder=\"0\" allow=\"autoplay; encrypted-media\" allowfullscreen><\/iframe>\n\t<\/div>\n<\/div>\n<div class=\"section group\">\n<div class=\"col span_1_of_2\">\n\t<iframe loading=\"lazy\" width=\"100%\" height=\"200\" src=\"https:\/\/www.youtube.com\/embed\/w9CkroVyfuw?rel=0\" frameborder=\"0\" allow=\"autoplay; encrypted-media\" allowfullscreen><\/iframe>\n\t<\/div>\n<div class=\"col span_1_of_2\">\n\t<iframe loading=\"lazy\" width=\"100%\" height=\"200\" src=\"https:\/\/www.youtube.com\/embed\/2sFcAK-1N90?rel=0\" frameborder=\"0\" allow=\"autoplay; encrypted-media\" allowfullscreen><\/iframe>\n\t<\/div>\n<\/div>\n<div class=\"section group\">\n<div class=\"col span_1_of_2\">\n\t<iframe loading=\"lazy\" width=\"100%\" height=\"200\" src=\"https:\/\/www.youtube.com\/embed\/x9fRFgeEA5w?rel=0\" frameborder=\"0\" allow=\"autoplay; encrypted-media\" allowfullscreen><\/iframe>\n\t<\/div>\n<div class=\"col span_1_of_2\">\n\t<iframe loading=\"lazy\" width=\"100%\" height=\"200\" src=\"https:\/\/www.youtube.com\/embed\/8FLk-x6-ohE?rel=0\" frameborder=\"0\" allow=\"autoplay; encrypted-media\" allowfullscreen><\/iframe>\n\t<\/div>\n<\/div>\n<div class=\"section group\">\n<div class=\"col span_1_of_2\">\n\t<iframe loading=\"lazy\" width=\"100%\" height=\"200\" src=\"https:\/\/www.youtube.com\/embed\/rbHA1v_1i2I?rel=0\" frameborder=\"0\" allow=\"autoplay; encrypted-media\" allowfullscreen><\/iframe>\n\t<\/div>\n<div class=\"col span_1_of_2\">\n\t<iframe loading=\"lazy\" width=\"100%\" height=\"200\" src=\"https:\/\/www.youtube.com\/embed\/jQm6yHB9g-Q?rel=0\" frameborder=\"0\" allow=\"autoplay; encrypted-media\" allowfullscreen><\/iframe>\n\t<\/div>\n<\/div>\n<div class=\"section group\">\n<div class=\"col span_1_of_2\">\n\t<iframe loading=\"lazy\" width=\"100%\" height=\"200\" src=\"https:\/\/www.youtube.com\/embed\/npAX3zNDQas?rel=0\" frameborder=\"0\" allow=\"autoplay; encrypted-media\" allowfullscreen><\/iframe>\n\t<\/div>\n<div class=\"col span_1_of_2\">\n\t<iframe loading=\"lazy\" width=\"100%\" height=\"200\" src=\"https:\/\/www.youtube.com\/embed\/h_GQebPO2Mw?rel=0\" frameborder=\"0\" allow=\"autoplay; encrypted-media\" allowfullscreen><\/iframe>\n\t<\/div>\n<\/div>\n<div class=\"section group\">\n<div class=\"col span_1_of_2\">\n\t<iframe loading=\"lazy\" width=\"100%\" height=\"200\" src=\"https:\/\/www.youtube.com\/embed\/YE3RH9JQcfo?rel=0\" frameborder=\"0\" allow=\"autoplay; encrypted-media\" allowfullscreen><\/iframe>\n\t<\/div>\n<div class=\"col span_1_of_2\">\n\t<iframe loading=\"lazy\" width=\"100%\" height=\"200\" src=\"https:\/\/www.youtube.com\/embed\/Sr6cae-17EQ?rel=0\" frameborder=\"0\" allow=\"autoplay; encrypted-media\" allowfullscreen><\/iframe>\n\t<\/div>\n<\/div>\n<div class=\"section group\">\n<div class=\"col span_1_of_2\">\n\t<iframe loading=\"lazy\" width=\"100%\" height=\"200\" src=\"https:\/\/www.youtube.com\/embed\/pePxTzLRE4A?rel=0\" frameborder=\"0\" allow=\"autoplay; encrypted-media\" allowfullscreen><\/iframe>\n\t<\/div>\n<div class=\"col span_1_of_2\">\n\t<iframe loading=\"lazy\" width=\"100%\" height=\"200\" src=\"https:\/\/www.youtube.com\/embed\/a_riiZcWHAM?rel=0\" frameborder=\"0\" allow=\"autoplay; encrypted-media\" allowfullscreen><\/iframe>\n\t<\/div>\n<\/div>\n<div class=\"section group\">\n<div class=\"col span_1_of_2\">\n\t<iframe loading=\"lazy\" width=\"100%\" height=\"200\" src=\"https:\/\/www.youtube.com\/embed\/Ska5azNebds?rel=0\" frameborder=\"0\" allow=\"autoplay; encrypted-media\" allowfullscreen><\/iframe>\n\t<\/div>\n<div class=\"col span_1_of_2\">\n\t<iframe loading=\"lazy\" width=\"100%\" height=\"200\" src=\"https:\/\/www.youtube.com\/embed\/QPgLnZRxigk?rel=0\" frameborder=\"0\" allow=\"autoplay; encrypted-media\" allowfullscreen><\/iframe>\n\t<\/div>\n<\/div>\n<div class=\"section group\">\n<div class=\"col span_1_of_2\">\n\t<iframe loading=\"lazy\" width=\"100%\" height=\"200\" src=\"https:\/\/www.youtube.com\/embed\/fZIeoKmtiHc?rel=0\" frameborder=\"0\" allow=\"autoplay; encrypted-media\" allowfullscreen><\/iframe>\n\t<\/div>\n<div class=\"col span_1_of_2\">\n\t<iframe loading=\"lazy\" width=\"100%\" height=\"200\" src=\"https:\/\/www.youtube.com\/embed\/kYFXKVzWQ6k?rel=0\" frameborder=\"0\" allow=\"autoplay; encrypted-media\" allowfullscreen><\/iframe>\n\t<\/div>\n<\/div>\n<div class=\"section group\">\n<div class=\"col span_1_of_2\">\n\t<iframe loading=\"lazy\" width=\"100%\" height=\"200\" src=\"https:\/\/www.youtube.com\/embed\/8FLk-x6-ohE?rel=0\" frameborder=\"0\" allow=\"autoplay; encrypted-media\" allowfullscreen><\/iframe>\n\t<\/div>\n<div class=\"col span_1_of_2\">\n\t<iframe loading=\"lazy\" width=\"100%\" height=\"200\" src=\"https:\/\/www.youtube.com\/embed\/Oky4wCKJ1wA?rel=0\" frameborder=\"0\" allow=\"autoplay; encrypted-media\" allowfullscreen><\/iframe>\n\t<\/div>\n<\/div>\n<div class=\"section group\">\n<div class=\"col span_1_of_2\">\n\t<iframe loading=\"lazy\" width=\"100%\" height=\"200\" src=\"https:\/\/www.youtube.com\/embed\/0KOzLcMgPQE?rel=0\" frameborder=\"0\" allow=\"autoplay; encrypted-media\" allowfullscreen><\/iframe>\n\t<\/div>\n<div class=\"col span_1_of_2\">\n\t<iframe loading=\"lazy\" width=\"100%\" height=\"200\" src=\"https:\/\/www.youtube.com\/embed\/hPXZaxw4kR0?rel=0\" frameborder=\"0\" allow=\"autoplay; encrypted-media\" allowfullscreen><\/iframe>\n\t<\/div>\n<\/div>\n<div class=\"section group\">\n<div class=\"col span_1_of_2\">\n\t<iframe loading=\"lazy\" width=\"100%\" height=\"200\" src=\"https:\/\/www.youtube.com\/embed\/J8OEKGN28WI?rel=0\" frameborder=\"0\" allow=\"autoplay; encrypted-media\" allowfullscreen><\/iframe>\n\t<\/div>\n<div class=\"col span_1_of_2\">\n\t<iframe loading=\"lazy\" width=\"100%\" height=\"200\" src=\"https:\/\/www.youtube.com\/embed\/iQsQcQrTw50?rel=0\" frameborder=\"0\" allow=\"autoplay; encrypted-media\" allowfullscreen><\/iframe>\n\t<\/div>\n<\/div>\n<div class=\"section group\">\n<div class=\"col span_1_of_2\">\n\t<iframe loading=\"lazy\" width=\"100%\" height=\"200\" src=\"https:\/\/www.youtube.com\/embed\/Hi49UgrSGE0?rel=0\" frameborder=\"0\" allow=\"autoplay; encrypted-media\" allowfullscreen><\/iframe>\n\t<\/div>\n<div class=\"col span_1_of_2\">\n\t<iframe loading=\"lazy\" width=\"100%\" height=\"200\" src=\"https:\/\/www.youtube.com\/embed\/C30XimNqTF4?rel=0\" frameborder=\"0\" allow=\"autoplay; encrypted-media\" allowfullscreen><\/iframe>\n\t<\/div>\n<\/div>\n<div class=\"section group\">\n<div class=\"col span_1_of_2\">\n\t<iframe loading=\"lazy\" width=\"100%\" height=\"200\" src=\"https:\/\/www.youtube.com\/embed\/fzjO19H5XyI?rel=0\" frameborder=\"0\" allow=\"autoplay; encrypted-media\" allowfullscreen><\/iframe>\n\t<\/div>\n<div class=\"col span_1_of_2\">\n\t<iframe loading=\"lazy\" width=\"100%\" height=\"200\" src=\"https:\/\/www.youtube.com\/embed\/38CywybSU9k?rel=0\" frameborder=\"0\" allow=\"autoplay; encrypted-media\" allowfullscreen><\/iframe>\n\t<\/div>\n<\/div>\n<div class=\"section group\">\n<div class=\"col span_1_of_2\">\n\t<iframe loading=\"lazy\" width=\"100%\" height=\"200\" src=\"https:\/\/www.youtube.com\/embed\/raeQ7-8KqPc?rel=0\" frameborder=\"0\" allow=\"autoplay; encrypted-media\" allowfullscreen><\/iframe>\n\t<\/div>\n<div class=\"col span_1_of_2\">\n\t<iframe loading=\"lazy\" width=\"100%\" height=\"200\" src=\"https:\/\/www.youtube.com\/embed\/xSrF-pSkr5M?rel=0\" frameborder=\"0\" allow=\"autoplay; encrypted-media\" allowfullscreen><\/iframe>\n\t<\/div>\n<\/div>\n<div class=\"section group\">\n<div class=\"col span_1_of_2\">\n\t<iframe loading=\"lazy\" width=\"100%\" height=\"200\" src=\"https:\/\/www.youtube.com\/embed\/DVECzG3_BuE?rel=0\" frameborder=\"0\" allow=\"autoplay; encrypted-media\" allowfullscreen><\/iframe>\n\t<\/div>\n<div class=\"col span_1_of_2\">\n\t<iframe loading=\"lazy\" width=\"100%\" height=\"200\" src=\"https:\/\/www.youtube.com\/embed\/dYpoQHyPmb8?rel=0\" frameborder=\"0\" allow=\"autoplay; encrypted-media\" allowfullscreen><\/iframe>\n\t<\/div>\n<\/div>\n<div class=\"section group\">\n<div class=\"col span_1_of_2\">\n\t<iframe loading=\"lazy\" width=\"100%\" height=\"200\" src=\"https:\/\/www.youtube.com\/embed\/EuKOT8JIR8c?rel=0\" frameborder=\"0\" allow=\"autoplay; encrypted-media\" allowfullscreen><\/iframe>\n\t<\/div>\n<div class=\"col span_1_of_2\">\n\t<iframe loading=\"lazy\" width=\"100%\" height=\"200\" src=\"https:\/\/www.youtube.com\/embed\/Wb8pwkJsnxs?rel=0\" frameborder=\"0\" allow=\"autoplay; encrypted-media\" allowfullscreen><\/iframe>\n\t<\/div>\n<\/div>\n<div class=\"section group\">\n<div class=\"col span_1_of_2\">\n\t<iframe loading=\"lazy\" width=\"100%\" height=\"200\" src=\"https:\/\/www.youtube.com\/embed\/mU0jKEosEjw?rel=0\" frameborder=\"0\" allow=\"autoplay; encrypted-media\" allowfullscreen><\/iframe>\n\t<\/div>\n<div class=\"col span_1_of_2\">\n\t<iframe loading=\"lazy\" width=\"100%\" height=\"200\" src=\"https:\/\/www.youtube.com\/embed\/iQ0OLcgVKho?rel=0\" frameborder=\"0\" allow=\"autoplay; encrypted-media\" allowfullscreen><\/iframe>\n\t<\/div>\n<\/div>\n<div class=\"section group\">\n<div class=\"col span_1_of_2\">\n\t<iframe loading=\"lazy\" width=\"100%\" height=\"200\" src=\"https:\/\/www.youtube.com\/embed\/HoCUlNvV-Rk?rel=0\" frameborder=\"0\" allow=\"autoplay; encrypted-media\" allowfullscreen><\/iframe>\n\t<\/div>\n<div class=\"col span_1_of_2\">\n\t<iframe loading=\"lazy\" width=\"100%\" height=\"200\" src=\"https:\/\/www.youtube.com\/embed\/fncW-ICAwXQ?rel=0\" frameborder=\"0\" allow=\"autoplay; encrypted-media\" allowfullscreen><\/iframe>\n\t<\/div>\n<\/div>\n<div class=\"section group\">\n<div class=\"col span_1_of_2\">\n\t<iframe loading=\"lazy\" width=\"100%\" height=\"200\" src=\"https:\/\/www.youtube.com\/embed\/3upokopHj7Q?rel=0\" frameborder=\"0\" allow=\"autoplay; encrypted-media\" allowfullscreen><\/iframe>\n\t<\/div>\n<div class=\"col span_1_of_2\">\n\t<iframe loading=\"lazy\" width=\"100%\" height=\"200\" src=\"https:\/\/www.youtube.com\/embed\/f6FtSvWpXxo?rel=0\" frameborder=\"0\" allow=\"autoplay; encrypted-media\" allowfullscreen><\/iframe>\n\t<\/div>\n<\/div>\n<div class=\"section group\">\n<div class=\"col span_1_of_2\">\n\t<iframe loading=\"lazy\" width=\"100%\" height=\"200\" src=\"https:\/\/www.youtube.com\/embed\/N9ol1sp__1Y?rel=0\" frameborder=\"0\" allow=\"autoplay; encrypted-media\" allowfullscreen><\/iframe>\n\t<\/div>\n<div class=\"col span_1_of_2\">\n\t<iframe loading=\"lazy\" width=\"100%\" height=\"200\" src=\"https:\/\/www.youtube.com\/embed\/Sck0S5x5rRY?rel=0\" frameborder=\"0\" allow=\"autoplay; encrypted-media\" allowfullscreen><\/iframe>\n\t<\/div>\n<\/div>\n<div class=\"section group\">\n<div class=\"col span_1_of_2\">\n\t<iframe loading=\"lazy\" width=\"100%\" height=\"200\" src=\"https:\/\/www.youtube.com\/embed\/1fDvXeEECRg?rel=0\" frameborder=\"0\" allow=\"autoplay; encrypted-media\" allowfullscreen><\/iframe>\n\t<\/div>\n<div class=\"col span_1_of_2\">\n\t<iframe loading=\"lazy\" width=\"100%\" height=\"200\" src=\"https:\/\/www.youtube.com\/embed\/PPfUw_0Gu14?rel=0\" frameborder=\"0\" allow=\"autoplay; encrypted-media\" allowfullscreen><\/iframe>\n\t<\/div>\n<\/div>\n<div class=\"section group\">\n<div class=\"col span_1_of_2\">\n\t<iframe loading=\"lazy\" width=\"100%\" height=\"200\" src=\"https:\/\/www.youtube.com\/embed\/vfpj1sVgDh4?rel=0\" frameborder=\"0\" allow=\"autoplay; encrypted-media\" allowfullscreen><\/iframe>\n\t<\/div>\n<div class=\"col span_1_of_2\">\n\t<iframe loading=\"lazy\" width=\"100%\" height=\"200\" src=\"https:\/\/www.youtube.com\/embed\/gc9M3IdzgX4?rel=0\" frameborder=\"0\" allow=\"autoplay; encrypted-media\" allowfullscreen><\/iframe>\n\t<\/div>\n<\/div>\n<hr>\n<h1>Artes da Tortura<\/h1>\n<p style=\"text-align: center;\">23\/11\/2010 &#8211; Vitor Rodrigues e Castor por Glauco Guimar\u00e3es<\/p>\n<p><img decoding=\"async\" src=\"http:\/\/torturesquad.com.br\/site\/wp-content\/uploads\/2020\/08\/glauco_guimaraes_castor.jpg\" alt=\"Glauco Guimaraes Castor\" width=\"20%\" height=\"auto\" class=\"alignleft size-full wp-image-1332\" srcset=\"https:\/\/torturesquad.com.br\/site\/wp-content\/uploads\/2020\/08\/glauco_guimaraes_castor.jpg 500w, https:\/\/torturesquad.com.br\/site\/wp-content\/uploads\/2020\/08\/glauco_guimaraes_castor-325x600.jpg 325w\" sizes=\"(max-width: 500px) 100vw, 500px\" \/><img decoding=\"async\" src=\"http:\/\/torturesquad.com.br\/site\/wp-content\/uploads\/2020\/08\/glauco_guimaraes_vitinho.jpg\" alt=\"Glauco Guimaraes Vitinho\" width=\"20%\" height=\"auto\" class=\"alignleft size-full wp-image-1333\" srcset=\"https:\/\/torturesquad.com.br\/site\/wp-content\/uploads\/2020\/08\/glauco_guimaraes_vitinho.jpg 886w, https:\/\/torturesquad.com.br\/site\/wp-content\/uploads\/2020\/08\/glauco_guimaraes_vitinho-597x600.jpg 597w, https:\/\/torturesquad.com.br\/site\/wp-content\/uploads\/2020\/08\/glauco_guimaraes_vitinho-768x771.jpg 768w\" sizes=\"(max-width: 886px) 100vw, 886px\" \/><\/p>\n<hr \/>\n<p style=\"text-align: center;\">03\/09\/2010 &#8211; NOVA M\u00daSICA DO TSQUAD INSPIRA ARTISTA<\/p>\n<p><img decoding=\"async\" src=\"http:\/\/torturesquad.com.br\/site\/wp-content\/uploads\/2020\/08\/azazel.jpg\" alt=\"Azazel\" width=\"20%\" height=\"auto\" class=\"alignleft size-full wp-image-1334\" srcset=\"https:\/\/torturesquad.com.br\/site\/wp-content\/uploads\/2020\/08\/azazel.jpg 587w, https:\/\/torturesquad.com.br\/site\/wp-content\/uploads\/2020\/08\/azazel-388x600.jpg 388w\" sizes=\"(max-width: 587px) 100vw, 587px\" \/>Azazel \u00e9 uma das m\u00fasicas do novo \u00e1lbum do TORTURE SQUAD, Aequilibrium.<\/p>\n<p>Essa can\u00e7\u00e3o fala sobre o retorno de Azazel \u00e0 terra, de acordo com o livro de Enoque, Azazel era um dos l\u00edder dos anjos ca\u00eddos, que veio a esta terra para viver entre os humanos para ensinar sobre as armas de guerra.<\/p>\n<p>&#8220;Essa can\u00e7\u00e3o nasceu de brincadeira, em outras palavras, imposs\u00edvel de ser naturalmente. Estamos mais animado com a parte instrumental que lembra uma das nossas influ\u00eancias &#8211; Morbid Angel &#8211; e em um determinado momento eu cantei essa m\u00fasica Azazel. Ap\u00f3s os ensaios que eu vi que o t\u00edtulo funcionou perfeitamente, ent\u00e3o eu procurei muito e \u00e9 isso. &#8220;disse o vocalista Vitor Rodrigues.<\/p>\n<p>Azazel tamb\u00e9m foi a inspira\u00e7\u00e3o para a arte fant\u00e1stica de Abra\u00e3o Lucas. &#8220;Este foi o meu ponto de vista sobre Azazel &#8230; Eu queria fazer algo realmente bom para que os f\u00e3s do TORTURE SQUAD gostem.&#8221; Declara o artista de talento.<\/p>\n<p>Confira a arte do Abra\u00e3o Lucas: <a href=\"http:\/\/abraaolucas.deviantart.com\/\" target=\"_blank\" rel=\"noopener noreferrer\">http:\/\/abraaolucas.deviantart.com\/<\/a><br \/><\/p>\n","protected":false},"excerpt":{"rendered":"<p>Mande seu v\u00eddeo: torturesquad.press@gmail.com Tributo ao Esquadr\u00e3o Artes da Tortura 23\/11\/2010 &#8211; Vitor Rodrigues e Castor por Glauco Guimar\u00e3es 03\/09\/2010 &#8211; NOVA M\u00daSICA DO TSQUAD INSPIRA ARTISTA Azazel \u00e9 uma das m\u00fasicas do novo \u00e1lbum do TORTURE SQUAD, Aequilibrium. Essa can\u00e7\u00e3o fala sobre o retorno de Azazel \u00e0 terra, de acordo com o livro de [&hellip;]<\/p>\n","protected":false},"author":1,"featured_media":0,"parent":0,"menu_order":0,"comment_status":"open","ping_status":"open","template":"","meta":{"ngg_post_thumbnail":0,"footnotes":""},"class_list":["post-568","page","type-page","status-publish","hentry"],"_links":{"self":[{"href":"https:\/\/torturesquad.com.br\/site\/wp-json\/wp\/v2\/pages\/568","targetHints":{"allow":["GET"]}}],"collection":[{"href":"https:\/\/torturesquad.com.br\/site\/wp-json\/wp\/v2\/pages"}],"about":[{"href":"https:\/\/torturesquad.com.br\/site\/wp-json\/wp\/v2\/types\/page"}],"author":[{"embeddable":true,"href":"https:\/\/torturesquad.com.br\/site\/wp-json\/wp\/v2\/users\/1"}],"replies":[{"embeddable":true,"href":"https:\/\/torturesquad.com.br\/site\/wp-json\/wp\/v2\/comments?post=568"}],"version-history":[{"count":6,"href":"https:\/\/torturesquad.com.br\/site\/wp-json\/wp\/v2\/pages\/568\/revisions"}],"predecessor-version":[{"id":3863,"href":"https:\/\/torturesquad.com.br\/site\/wp-json\/wp\/v2\/pages\/568\/revisions\/3863"}],"wp:attachment":[{"href":"https:\/\/torturesquad.com.br\/site\/wp-json\/wp\/v2\/media?parent=568"}],"curies":[{"name":"wp","href":"https:\/\/api.w.org\/{rel}","templated":true}]}}